{"id":3484,"date":"2024-11-23T21:00:22","date_gmt":"2024-11-23T21:00:22","guid":{"rendered":"https:\/\/tivaconteudo.com.br\/ewwa\/produto\/shampoo-acafrao-e-pitanga\/"},"modified":"2025-01-18T01:33:50","modified_gmt":"2025-01-18T04:33:50","slug":"shampoo-acafrao-e-pitanga","status":"publish","type":"product","link":"https:\/\/tivaconteudo.com.br\/ewwa\/produto\/shampoo-acafrao-e-pitanga\/","title":{"rendered":"Shampoo A\u00e7afr\u00e3o e Pitanga 250ml"},"content":{"rendered":"<p><span style=\"font-weight: 400\">O Shampoo A\u00e7afr\u00e3o e Pitanga foi desenvolvido com extrato de Pitanga, rico em vitamina A que ajuda a hidratar os cabelos deixando-os mais bonitos e saud\u00e1veis; e com \u00f3leo de A\u00e7afr\u00e3o, que age como um potente fortalecedor capilar, estimula o crescimento dos fios. Al\u00e9m disso, recupera cabelos secos e danificados, proporcionando brilho e vitalidade intensos.*\u00a0<\/span><\/p>\n<p><b>Modo de usar:<\/b><span style=\"font-weight: 400\"> Aplique nos cabelos \u00famidos e massageie suavemente at\u00e9 obter uma espuma. Enx\u00e1gue bem e repita a opera\u00e7\u00e3o caso julgue necess\u00e1rio. Para um melhor resultado utilize a linha completa A\u00e7afr\u00e3o e Pitanga.\u00a0<\/span><\/p>\n<p><b>Composi\u00e7\u00e3o<\/b><span style=\"font-weight: 400\">: Aqua\/\u00c1gua, Sodium Lauryl Sulfate\/Lauril \u00c9ter Sulfato de S\u00f3dio, Cocamidopropyl Betaine\/Cocoamidopropil Beta\u00edna, Cocamide DEA\/Amida 90, Coco Glucoside\/Glicos\u00eddeo de Coco, Eugenia uniflora Extract\/Extrato de Pitanga, Parfum\/Perfume, Polysorbate 20\/Polisorbato 20, Water (and) Glycerin (and) Porphyra umbilicalis extract (and) Caesalpinia spinosa gum\/Complexo Nutrihair, Polyquanternium-10\/Poliquat\u00e9rnio-10, Cetrimonium Chloride\/Cloreto de Cetrim\u00f4nio, Panthenol\/D-Pantenol, Curcuma longa oil\/\u00d3leo de A\u00e7afr\u00e3o, Methylchloroisothiazolinone \u00b7 Methylisothiazolinone\/Sharomix MCI, Cetyl Trimethyl Ammonium Chloride\/Quarten\u00e1rio de Am\u00f4nia 29%, Disodium EDTA\/EDTA Diss\u00f3dico, BHT\/Butilhidroxitolueno, Citric Acid\/\u00c1cido C\u00edtrico. Hexyl Cynnamal\/Hexil Cinamal, d-Limonene\/d-Limoneno, Citronellol\/Citronelol, Benzyl Benzoate\/Benzoato de Benzila, Citral\/Citral, Iso Eugenol\/Iso Eugenol.\u00a0<\/span><\/p>\n<p><b>Precau\u00e7\u00f5es<\/b><span style=\"font-weight: 400\">: Guarde em local seco, fresco e longe do alcance das crian\u00e7as e dos animais dom\u00e9sticos. N\u00e3o usar se o couro cabeludo estiver irritado ou lesionado. Em caso de ard\u00eancia, coceira ou vermelhid\u00e3o\/irrita\u00e7\u00e3o, interrompa o uso do produto e consulte o seu m\u00e9dico. Uso externo.<\/span><\/p>\n","protected":false},"excerpt":{"rendered":"<p><span style=\"font-weight: 400\">Recupera cabelos secos e danificados, proporcionando brilho e vitalidade intensos.<\/span><\/p>\n","protected":false},"featured_media":4377,"template":"","meta":[],"product_brand":[],"product_cat":[98,117],"product_tag":[296],"class_list":{"0":"post-3484","1":"product","2":"type-product","3":"status-publish","4":"has-post-thumbnail","6":"product_cat-capilar","7":"product_cat-shampoo","8":"product_tag-acafrao-e-pitanga","10":"first","11":"outofstock","12":"taxable","13":"shipping-taxable","14":"purchasable","15":"product-type-simple","16":"add-to-wishlist-after_add_to_cart"},"_links":{"self":[{"href":"https:\/\/tivaconteudo.com.br\/ewwa\/wp-json\/wp\/v2\/product\/3484","targetHints":{"allow":["GET"]}}],"collection":[{"href":"https:\/\/tivaconteudo.com.br\/ewwa\/wp-json\/wp\/v2\/product"}],"about":[{"href":"https:\/\/tivaconteudo.com.br\/ewwa\/wp-json\/wp\/v2\/types\/product"}],"wp:featuredmedia":[{"embeddable":true,"href":"https:\/\/tivaconteudo.com.br\/ewwa\/wp-json\/wp\/v2\/media\/4377"}],"wp:attachment":[{"href":"https:\/\/tivaconteudo.com.br\/ewwa\/wp-json\/wp\/v2\/media?parent=3484"}],"wp:term":[{"taxonomy":"product_brand","embeddable":true,"href":"https:\/\/tivaconteudo.com.br\/ewwa\/wp-json\/wp\/v2\/product_brand?post=3484"},{"taxonomy":"product_cat","embeddable":true,"href":"https:\/\/tivaconteudo.com.br\/ewwa\/wp-json\/wp\/v2\/product_cat?post=3484"},{"taxonomy":"product_tag","embeddable":true,"href":"https:\/\/tivaconteudo.com.br\/ewwa\/wp-json\/wp\/v2\/product_tag?post=3484"}],"curies":[{"name":"wp","href":"https:\/\/api.w.org\/{rel}","templated":true}]}}